 of 365245.
5, 17, 4297
What are the prime factors of 266033?
17, 15649
List the prime factors of 2411105.
5, 37, 13033
List the prime factors of 335221.
335221
List the prime factors of 530537.
7, 19, 3989
What are the prime factors of 1380294?
2, 3, 25561
What are the prime factors of 38015?
5, 7603
What are the prime factors of 2023367?
19, 109, 977
What are the prime factors of 133367?
13, 10259
List the prime factors of 899088.
2, 3, 18731
List the prime factors of 800267.
13, 61559
List the prime factors of 143596.
2, 35899
What are the prime factors of 10036371?
3, 3345457
What are the prime factors of 824392?
2, 103049
What are the prime factors of 218204?
2, 7, 7793
List the prime factors of 621174.
2, 3, 103529
List the prime factors of 2893202.
2, 13, 223, 499
What are the prime factors of 827102?
2, 413551
List the prime factors of 6662801.
23, 127, 2281
What are the prime factors of 172902?
2, 3, 28817
What are the prime factors of 918103?
918103
What are the prime factors of 99734?
2, 47, 1061
What are the prime factors of 320769?
3, 29, 1229
List the prime factors of 2077294.
2, 61, 17027
What are the prime factors of 1066722?
2, 3, 177787
List the prime factors of 1892305.
5, 19, 19919
List the prime factors of 1138213.
1138213
List the prime factors of 923602.
2, 461801
List the prime factors of 14687631.
3, 7, 37, 6301
List the prime factors of 288901.
251, 1151
List the prime factors of 3755975.
5, 150239
What are the prime factors of 12575683?
331, 37993
List the prime factors of 744905.
5, 7, 21283
List the prime factors of 238892.
2, 59723
List the prime factors of 1435827.
3, 31, 15439
List the prime factors of 1086846.
2, 3, 181141
What are the prime factors of 3522861?
3, 43, 9103
What are the prime factors of 421103?
421103
What are the prime factors of 514031?
7, 73433
What are the prime factors of 571392?
2, 3, 31
List the prime factors of 255665.
5, 51133
What are the prime factors of 2526042?
2, 3, 167, 2521
What are the prime factors of 35842?
2, 17921
What are the prime factors of 7264921?
373, 19477
What are the prime factors of 23664669?
3, 7, 1126889
List the prime factors of 612558.
2, 3, 34031
List the prime factors of 389181.
3, 13, 17, 587
List the prime factors of 7585397.
7585397
What are the prime factors of 23928389?
79, 302891
What are the prime factors of 52353?
3, 7, 277
What are the prime factors of 729688?
2, 197, 463
List the prime factors of 613984.
2, 7, 2741
What are the prime factors of 69679?
59, 1181
List the prime factors of 2156980.
2, 5, 7, 31, 71
What are the prime factors of 107588?
2, 13, 2069
What are the prime factors of 580121?
47, 12343
List the prime factors of 1562721.
3, 193, 2699
List the prime factors of 4305282.
2, 3, 29, 109, 227
What are the prime factors of 366650?
2, 5, 7333
What are the prime factors of 502841?
502841
What are the prime factors of 2042693?
197, 10369
List the prime factors of 2794352.
2, 11, 15877
What are the prime factors of 1613298?
2, 3, 268883
List the prime factors of 2005617.
3, 668539
List the prime factors of 233772.
2, 3, 7, 11, 23
List the prime factors of 5275616.
2, 19, 8677
List the prime factors of 186288.
2, 3, 3881
List the prime factors of 112861.
7, 23, 701
List the prime factors of 40866123.
3, 883, 15427
List the prime factors of 411447.
3, 23, 67, 89
What are the prime factors of 20095181?
37, 543113
List the prime factors of 1666988.
2, 347, 1201
List the prime factors of 7418704.
2, 41, 43, 263
What are the prime factors of 403364?
2, 13, 7757
List the prime factors of 709184.
2, 7, 1583
List the prime factors of 317995.
5, 63599
List the prime factors of 18040368.
2, 3, 375841
What are the prime factors of 876350?
2, 5, 17, 1031
List the prime factors of 276703.
7, 5647
List the prime factors of 24337173.
3, 7, 165559
List the prime factors of 61607.
7, 13, 677
List the prime factors of 324168.
2, 3, 13, 1039
What are the prime factors of 120600?
2, 3, 5, 67
List the prime factors of 1994402.
2, 997201
List the prime factors of 722865.
3, 5, 11, 13, 337
List the prime factors of 176050.
2, 5, 7, 503
What are the prime factors of 122224?
2, 7639
List the prime factors of 12644075.
5, 505763
List the prime factors of 786008.
2, 98251
List the prime factors of 391671.
3, 7, 6217
List the prime factors of 27944424.
2, 3, 388117
List the prime factors of 127486.
2, 63743
What are the prime factors of 2351808?
2, 3, 1361
What are the prime factors of 5575020?
2, 3, 5, 11, 8447
What are the prime factors of 1231380?
2, 3, 5, 6841
What are the prime factors of 572687?
572687
What are the prime factors of 1751630?
2, 5, 109, 1607
List the prime factors of 2094908.
2, 439, 1193
List the prime factors of 1996726.
2, 157, 6359
List the prime factors of 32548.
2, 79, 103
List the prime factors of 435449.
7, 62207
List the prime factors of 22980528.
2, 3, 29, 5503
List the prime factors of 4345409.
59, 73651
List the prime factors of 3398084.
2, 509, 1669
What are the prime factors of 258713?
7, 13, 2843
What are the prime factors of 1825913?
37, 61, 809
List the prime factors of 1715131.
11, 155921
List the prime factors of 229349.
19, 12071
List the prime factors of 293331.
3, 97777
What are the prime factors of 22567805?
5, 13, 347197
List the prime factors of 9853597.
13, 47, 16127
What are the prime factors of 81381?
3, 27127
List the prime factors of 2915746.
2, 1457873
List the prime factors of 6563779.
6563779
List the prime factors of 353318.
2, 7, 25237
List the prime factors of 21370186.
2, 67, 101, 1579
What are the prime factors of 179919?
3, 19991
List the prime factors of 1536371.
251, 6121
What are the prime factors of 110363?
11, 79, 127
What are the prime factors of 3422414?
2, 1711207
List the prime factors of 2290244.
2, 11, 52051
What are the prime factors of 164344?
2, 20543
What are the prime factors of 1211794?
2, 17, 29, 1229
What are the prime factors of 470416?
2, 29401
List the prime factors of 12895142.
2, 13, 495967
List the prime factors of 32775798.
2, 3, 11, 19, 59, 443
List the prime factors of 19966465.
5, 829, 4817
List the prime factors of 5455166.
2, 19, 89, 1613
What are the prime factors of 294992?
2, 103, 179
List the prime factors of 184308.
2, 3, 15359
What are the prime factors of 1674068?
2, 11, 38047
List the prime factors of 15357092.
2, 19, 202067
List the prime factors of 940381.
13, 72337
What are the prime factors of 95516?
2, 23879
List the prime factors of 274563.
3, 10169
What are the prime factors of 972383?
17, 47, 1217
What are the prime factors of 548022?
2, 3, 149, 613
What are the prime factors of 3642878?
2, 23, 79193
What are the prime factors of 198018?
2, 3, 19, 193
List the prime factors of 1436030.
2, 5, 163, 881
List the prime factors of 6311438.
2, 7, 450817
List the prime factors of 763366.
2, 239, 1597
List the prime factors of 7203592.
2, 11, 109, 751
What are the prime factors of 4405168?
2, 275323
What are the prime factors of 2517672?
2, 3, 23, 4561
What are the prime factors of 22382?
2, 19, 31
What are the prime factors of 31470?
2, 3, 5, 1049
What are the prime factors of 510965?
5, 7, 13, 1123
What are the prime factors of 269214?
2, 3, 11, 4079
What are the prime factors of 158392?
2, 13, 1523
List the prime factors of 70129.
19, 3691
What are the prime factors of 826950?
2, 3, 5, 37, 149
What are the prime factors of 45045?
3, 5, 7, 11, 13
What are the prime factors of 230995?
5, 46199
List the prime factors of 35235439.
35235439
What are the prime factors of 5079740?
2, 5, 253987
List the prime factors of 122415.
3, 5, 8161
List the prime factors of 144870.
2, 3, 5, 11, 439
List the prime factors of 4274871.
3, 17, 109, 769
List the prime factors of 137676.
2, 3, 7, 11, 149
What are the prime factors of 524287?
524287
List the prime factors of 475312.
2, 61, 487
List the prime factors of 4672136.
2, 7, 83431
What are the prime factors of 167764?
2, 41941
What are the prime factors of 186294?
2, 3, 61, 509
What are the prime factors of 1436101?
1436101
What are the prime factors of 107936?
2, 3373
What are the prime factors of 5692701?
3, 7, 307, 883
What are the prime factors of 503454?
2, 3, 7, 11987
List the prime factors of 653936.
2, 23, 1777
List the p